{"id":1932,"date":"2020-09-02T11:34:24","date_gmt":"2020-09-02T08:34:24","guid":{"rendered":"https:\/\/kavin.com.tr\/?page_id=1932"},"modified":"2021-07-12T09:50:46","modified_gmt":"2021-07-12T06:50:46","slug":"merak-edilenler","status":"publish","type":"page","link":"https:\/\/kavin.com.tr\/index.php\/merak-edilenler\/","title":{"rendered":"Tarihten"},"content":{"rendered":"\n<h2 class=\"wp-block-novablocks-headline c-headline has-text-align-center\"><span class=\"c-headline__secondary\"><\/span> <span class=\"c-headline__primary\">Tarihten<br><\/span><\/h2>\n\n\n\n<p><strong>V.Murat&#8217;\u0131n annesi \u015eevkefza Valide Sultan&#8217;\u0131n al\u0131\u015fveri\u015f listesi:<\/strong><strong><\/strong><\/p>\n\n\n\n<p>24 \u015fi\u015fe k\u0131na k\u0131na \u015farab\u0131<br>300 \u015fi\u015fe Bordo \u015farab\u0131<br>2 anbar Viyana biras\u0131<br>24 \u015fi\u015fe Porto \u015farab\u0131<br>Ufak f\u0131\u00e7\u0131 derununda sardalya<br>Lakerda<br>Havyar<\/p>\n\n\n\n<p><strong>Bakara Suresi &#8211; 219 . Ayet Tefsiri<\/strong><strong><\/strong><\/p>\n\n\n\n<p>Sana i\u00e7kiyi ve kumar\u0131 soruyorlar. De ki: Bu ikisinde insanlar i\u00e7in b\u00fcy\u00fck zarar ve baz\u0131 faydalar vard\u0131r; zararlar\u0131 da faydalar\u0131ndan b\u00fcy\u00fckt\u00fcr. Sana neyi infak edeceklerini de soruyorlar. De ki: \u0130htiya\u00e7 fazlas\u0131n\u0131. Allah sizin i\u00e7in \u00e2yetlerini i\u015fte b\u00f6yle a\u00e7\u0131kl\u0131yor ki d\u00fc\u015f\u00fcnesiniz.<\/p>\n\n\n\n<p><strong>(Tekv\u00een, 9\/20-27).<\/strong><strong><\/strong><\/p>\n\n\n\n<p>Tevrat\u2019a g\u00f6re gemiden inen N\u00fbh \u00e7ift\u00e7ilik yapmaya ba\u015flam\u0131\u015f, ba\u011f dikmi\u015f, \u00fcz\u00fcm yeti\u015ftirip \u015farap \u00fcretmi\u015f ve bu \u015faraptan i\u00e7erek sarho\u015f olmu\u015f, \u00e7ad\u0131r\u0131nda \u00e7\u0131plak kalm\u0131\u015ft\u0131r. N\u00fbh\u2019un o\u011flu H\u00e2m babas\u0131n\u0131n \u00e7\u0131plakl\u0131\u011f\u0131n\u0131 g\u00f6r\u00fcp di\u011fer karde\u015flerine haber vermi\u015f, onlar da babalar\u0131n\u0131n \u00e7\u0131plakl\u0131\u011f\u0131n\u0131 \u00f6rtm\u00fc\u015f, kendine gelen N\u00fbh ise H\u00e2m\u2019\u0131n o\u011flu Ken\u2018\u00e2n\u2019\u0131 l\u00e2netlemi\u015ftir.&nbsp; https:\/\/islamansiklopedisi.org.tr\/nuh<\/p>\n\n\n\n<p><strong>Tarihten<\/strong><\/p>\n\n\n\n<p><strong>Hititler<\/strong> \u015farap terminolojisini d\u00fcnyaya ilk kazand\u0131ran halkd\u0131r. Hititler\u2019de saray protokol\u00fcnde bug\u00fcn \u201c\u015earap ba\u015f\u0131\u201d olarak niteleyebilece\u011fimiz, \u201cGalgestin\u201d olarak bilinen bir unvan var. Yine Hititler, \u015farap terminolojisini olu\u015fturan ilk topluluk olarak kay\u0131tlar vermi\u015ftir. \u00c7iviyaz\u0131l\u0131 Hitit tabletlerinde \u015farab\u0131n bug\u00fcn bile olmayan, inan\u0131lmas\u0131 g\u00fc\u00e7 \u015farap tan\u0131mlar\u0131 yap\u0131lm\u0131\u015ft\u0131r.<\/p>\n\n\n\n<p><strong>GAL GEST\u0130N &nbsp;&nbsp;&nbsp;&nbsp;&nbsp;&nbsp;&nbsp;&nbsp;&nbsp;&nbsp;\u015earap ba\u015f\u0131<br>EZEN GEST\u0130N &nbsp;&nbsp;&nbsp;&nbsp;&nbsp;&nbsp;Ba\u011fbozumu bayram\u0131<br>SAG\u0130 (hinkula)&nbsp;&nbsp;&nbsp;&nbsp;&nbsp;&nbsp;Saki, i\u00e7ki sunucu<br>GEST\u0130N GIBIL &nbsp;&nbsp;&nbsp;&nbsp;&nbsp;&nbsp;&nbsp;Taze \u015farap<br>GEST\u0130N LIBIR.RA&nbsp;Y\u0131llanm\u0131\u015f \u015farap<br>GEST\u0130N EM.SU &nbsp;&nbsp;&nbsp;&nbsp;Ek\u015fi \u015farap<br>GEST\u0130N KU &nbsp;&nbsp;&nbsp;&nbsp;&nbsp;&nbsp;&nbsp;&nbsp;&nbsp;&nbsp;&nbsp;&nbsp;Tatl\u0131 \u015farap<br>GEST\u0130N LAL &nbsp;&nbsp;&nbsp;&nbsp;&nbsp;&nbsp;&nbsp;&nbsp;&nbsp;&nbsp;Tatl\u0131 \u015farap<br>GEST\u0130N DUG.GA &nbsp;Kaliteli \u015farap<br>GEST\u0130N PARKU\u0130&nbsp;&nbsp;&nbsp;Temiz, saf \u015farap<br>GEST\u0130N KARS\u0130 &nbsp;&nbsp;&nbsp;&nbsp;&nbsp;Sek \u015farap<br>GEST\u0130N SA &nbsp;&nbsp;&nbsp;&nbsp;&nbsp;&nbsp;&nbsp;&nbsp;&nbsp;&nbsp;&nbsp;&nbsp;&nbsp;K\u0131rm\u0131z\u0131 \u015farap<br>GEST\u0130N NAG &nbsp;&nbsp;&nbsp;&nbsp;&nbsp;&nbsp;&nbsp;&nbsp;&nbsp;\u0130yi i\u00e7imli \u015farap<br>GEST\u0130N KAS &nbsp;&nbsp;&nbsp;&nbsp;&nbsp;&nbsp;&nbsp;&nbsp;&nbsp; \u015earap, bira kokteyli<\/strong><\/p>\n\n\n\n<p><strong>Osmanl\u0131 \u015farap ve konyaklar\u0131yla \u00fcnl\u00fcyd\u00fc<\/strong><\/p>\n\n\n\n<p>1904\u2019de, \u0130mparatorlu\u011fun \u015farap ihracat\u0131, tam 340 milyon litreye \u00e7\u0131km\u0131\u015f! Bu y\u0131llarda bat\u0131l\u0131la\u015fma e\u011filimlerinin g\u00fc\u00e7lenmesiyle say\u0131lar\u0131 artan Osmanl\u0131 topraklar\u0131ndaki yabanc\u0131lar ba\u011f yat\u0131r\u0131mlar\u0131na da giri\u015fmi\u015fler. Sadece 1901\u2019de ihra\u00e7 edilen \u015farap miktar\u0131 6.5 milyon litreymi\u015f.<\/p>\n","protected":false},"excerpt":{"rendered":"<p>V.Murat&#8217;\u0131n annesi \u015eevkefza Valide Sultan&#8217;\u0131n al\u0131\u015fveri\u015f listesi: 24 \u015fi\u015fe k\u0131na k\u0131na \u015farab\u0131300 \u015fi\u015fe Bordo \u015farab\u01312 anbar Viyana biras\u013124 \u015fi\u015fe Porto \u015farab\u0131Ufak f\u0131\u00e7\u0131 derununda sardalyaLakerdaHavyar Bakara [&hellip;]<\/p>\n","protected":false},"author":1,"featured_media":0,"parent":0,"menu_order":0,"comment_status":"closed","ping_status":"closed","template":"","meta":{"novablocks_hero_scroll_indicator":false,"novablocks_hero_position_indicators":false},"_links":{"self":[{"href":"https:\/\/kavin.com.tr\/index.php\/wp-json\/wp\/v2\/pages\/1932"}],"collection":[{"href":"https:\/\/kavin.com.tr\/index.php\/wp-json\/wp\/v2\/pages"}],"about":[{"href":"https:\/\/kavin.com.tr\/index.php\/wp-json\/wp\/v2\/types\/page"}],"author":[{"embeddable":true,"href":"https:\/\/kavin.com.tr\/index.php\/wp-json\/wp\/v2\/users\/1"}],"replies":[{"embeddable":true,"href":"https:\/\/kavin.com.tr\/index.php\/wp-json\/wp\/v2\/comments?post=1932"}],"version-history":[{"count":9,"href":"https:\/\/kavin.com.tr\/index.php\/wp-json\/wp\/v2\/pages\/1932\/revisions"}],"predecessor-version":[{"id":2189,"href":"https:\/\/kavin.com.tr\/index.php\/wp-json\/wp\/v2\/pages\/1932\/revisions\/2189"}],"wp:attachment":[{"href":"https:\/\/kavin.com.tr\/index.php\/wp-json\/wp\/v2\/media?parent=1932"}],"curies":[{"name":"wp","href":"https:\/\/api.w.org\/{rel}","templated":true}]}}